-33*n + 27*n. Suppose -n = -31*k - 14*k. What is the remainder when 237 is divided by k?
37
Let r(m) = 2*m + 48. Let w be r(-23). Let k be (1 + (-17)/w)*2/3. What is the remainder when (0 + 0 + 18)*k/(-15) is divided by 4?
2
Suppose -1352 = -4*n - 4*h, h = n - 7*h - 347. What is the remainder when n is divided by 170?
169
Let b = 5455 + -4862. Calculate the remainder when b is divided by 155.
128
Let y(j) = -14*j - 7. Let o be 8/2 - (28 + -20). Let g = -13 + 33. Calculate the remainder when y(o) is divided by g.
9
Let h be 5/1 - (2 - (-140)/(-7)). Suppose 3*i - 3*v = 2361, h*v - 20*v - 1589 = -2*i. What is the remainder when i is divided by 13?
10
Suppose 0 = -2*r + 5*u + 595, -130*r + 133*r - 3*u - 897 = 0. What is the remainder when r is divided by 92?
24
Let x be 0/((-1 + 0 + 0)/1). Calculate the remainder when 63 is divided by 13/1 - x - (15 - 18).
15
Suppose n - 5*u - 11 = 0, -9*u = 3*n - 5*u - 128. Suppose 4048 = n*g - 5924. Calculate the remainder when g is divided by 56.
53
Suppose 2*k = 5*k - 3*m + 3, 4*k + 5*m = 32. Suppose -7*v + 2*v - 20 = 0, k*l = -v - 13. Calculate the remainder when 4 - -83 - 3/l is divided by 18.
16
Suppose -1258 = -4*w - 3*r - 45, w - 302 = -2*r. Calculate the remainder when w is divided by 133.
38
Suppose u = 5*n + 9, 3*n = -2*n + 2*u - 13. Let s be 0 - -158*(n + 4/8). Let v = 272 + s. What is the remainder when v is divided by 14?
11
Let r be (-82957)/(-588) + 1/(-12). Let s = -99 - -178. Let m = r - s. Calculate the remainder when m is divided by 17.
11
Let z(a) = 15*a + 523. What is the remainder when z(-22) is divided by 64?
1
Suppose 137*f - 39988 = -35604. What is the remainder when 1*(-2)/(4/(-74)) is divided by f?
5
Suppose -11 = -3*l - 2. Suppose -l*d - 1 + 19 = 0. What is the remainder when ((-65)/20 + -2)/(1/(-4)) is divided by d?
3
Let v(r) = -9*r - 9. Let y = -186 - -183. Suppose -x + 5*l = -104, 4*x - l - 316 = -6*l. What is the remainder when x is divided by v(y)?
12
Suppose 0*i - 1911 = 21*i - 11571. Calculate the remainder when i is divided by 66.
64
What is the remainder when 1086 is divided by 5398/45 - (-80)/1800?
6
Suppose -608*q + 22509 = 8525. Let l = -56 + 92. What is the remainder when l is divided by q?
13
Suppose o = -3*k + 8, -2*o = -o - 5*k + 24. Let v(w) = 5*w**2 + w - 3. Calculate the remainder when v(2) is divided by o + ((-54)/(-3) - 4).
9
Let v(s) = 87*s**2 + 431*s + 3026. Calculate the remainder when v(-7) is divided by 1421.
9
Let v(a) = -a**2 + 9*a + 90. Let m be v(13). Suppose -f - 11 = 3*x, 43*x - m*x = -25. Calculate the remainder when 109 is divided by f.
1
Suppose 0 = -2*o + 7*t + 162, 3*o - 4*o + 96 = 4*t. Suppose 2*z - 16 = 14. Calculate the remainder when o is divided by z.
13
Let z(n) = -103*n - 894. What is the remainder when z(-17) is divided by 96?
89
Calculate the remainder when (-252)/378*(-3069)/(-2 - -5) is divided by 224.
10
Let z(m) = 2*m**2 - 5*m + 5. Suppose 0 = 16*b + 37 + 11. Let w be 4 - (b + -3 + 4). What is the remainder when z(w) is divided by 24?
23
Suppose 5*q - 199 = 2*y, 0 = 3*q - 5*q - 3*y + 91. Calculate the remainder when -1 - -2 - 240/(-1) is divided by q.
36
Let u = 20 + -15. Suppose 0*k = k + 2. Calculate the remainder when (2 + 20)*(-3)/k is divided by u.
3
Let t be ((-4)/(-6))/((-6)/9). Let y be -112 - (2 - 0)*t. What is the remainder when 50 is divided by y/(-8) + (-15)/(-60)?
8
Let x = -73 + 76. Let t(g) = x*g + 3 - g + 15*g**2 + 0*g. Calculate the remainder when t(-3) is divided by 34.
30
Suppose -7*i + 18*i + 3*i - 7840 = 0. Calculate the remainder when i is divided by 41.
27
Let q(g) = 49*g + 64. Let h(p) = 25*p + 32. Let t(u) = -11*h(u) + 6*q(u). Suppose 0 = x - 42 + 10. What is the remainder when t(5) is divided by x?
31
Suppose 18*q + 34*q + 54*q = 21942. What is the remainder when 20905 is divided by q?
205
Let v(t) = t**2 - 22*t - 457. What is the remainder when v(41) is divided by 4/(-18) + 652/18?
34
Suppose 0*m - 2*q = 2*m - 38, 5*m + 3*q = 95. Let s be ((-58)/(-8) - 1)/((-7)/168). Let l = 262 + s. Calculate the remainder when l is divided by m.
17
Suppose 825*p = -q + 830*p - 41, -2*q - 2*p = -74. Suppose 0 = -9*j + 4*j + 470. Calculate the remainder when j is divided by q.
22
Let x(s) be the third derivative of 23*s**4/24 - 53*s**3/3 - s**2 - 43*s. What is the remainder when 18 is divided by x(5)?
0
Suppose 11 + 13 = 2*m. Let l(a) = -62*a - 553. Let o(k) = 57*k + 219. Let n be o(-4). What is the remainder when m is divided by l(n)?
2
Suppose 6 = 2*b, 3*b - 7 = -21*m + 19*m. Let u = m - -21. What is the remainder when 53 is divided by u?
13
Suppose u = -r + 211, 2*r = -4*u - 127 + 979. Calculate the remainder when 2363 is divided by u.
213
Let p(w) = -25*w - 9. Let v be p(2). Let m = 4 + v. Let b = 63 + m. What is the remainder when 20 is divided by b?
4
Let h(g) = 69*g + 2290. Suppose -96 = -3*y + 3*w - 6*w, -4*w = -y + 7. What is the remainder when y is divided by h(-33)?
1
Suppose z = -4*n + 434, -2*z - 4 = -n + 100. What is the remainder when 228 is divided by n?
12
Let n(d) = 8*d + 27. Let c be n(-3). Suppose -3*g - c*r + 23 = 2*g, 5 = g + r. What is the remainder when 10/(-2)*22/(-5) is divided by g?
2
Suppose n = -2*s - 8, -4*n + 2*s + 12 = -6. Suppose -n*c + 2*j - 10 = j, -5*c - 3*j = 36. What is the remainder when 132 is divided by c/9 + (-104)/(-3)?
30
Let f = -2399 - -2421. Calculate the remainder when 168 is divided by f.
14
Let n = 1137 - 1141. What is the remainder when (n - -2) + (65 - 4) is divided by -3*(1 + 34/(-3))?
28
Let v be 17/(-4 - (-5 - 0)). Suppose 5*j + 3*i = 100, -18*i = -v*i. Calculate the remainder when 73 is divided by j.
13
Let l be (-8)/(-14) - 1040/(-140). Suppose -4*a - l = -4*f, -5*a = 2*f - 5 + 22. What is the remainder when 74 is divided by (1*(a + 53))/(2 - 0)?
24
Suppose 9*z = 8*z + 102. What is the remainder when z is divided by ((-30)/3)/(-7 + 5)?
2
Suppose b = -9, 51 - 47 = -2*q - 2*b. Let w(c) = -c**2 - 12*c + 4. What is the remainder when w(-10) is divided by q?
3
What is the remainder when 1000 is divided by 3/3*357/17?
13
Let d = -6 + 0. Let t be d/(-4) + (-3 - (-7)/2). Let s(j) = 3*j**2 + 4*j - 5. Calculate the remainder when 44 is divided by s(t).
14
Let v = 8697 - 8585. What is the remainder when 245 is divided by v?
21
Suppose q + 4 = 0, p - 3*p - 76 = -3*q. Let l be -61 - 3 - (8 + -13). Let o = p - l. What is the remainder when o is divided by 6?
3
Let t be 110/15*-6 - -4. Let a = 45 + t. Suppose -23 = -4*y - a*f, -3 - 2 = f. Calculate the remainder when y is divided by 8.
4
Suppose 221*z = 69*z + 59*z + 1395. What is the remainder when (-4)/((-16)/53)*4 is divided by z?
8
Suppose 76*z = 147*z - 7597. Suppose -2*l + 110 = 3*l. Calculate the remainder when z is divided by l.
19
Suppose 0 = -5*w, 3*g = 3*w - 46 + 253. Let r = 76 - g. Calculate the remainder when 116 is divided by r.
4
Let o = 40 - 32. Suppose -4*m = -o*m + 20. Suppose -18 = m*c - 308. Calculate the remainder when c is divided by 3.
1
Let r be (-11)/(44/24) + 165. Suppose -5*h + 819 = g, -3*h - g = -4*h + r. What is the remainder when h is divided by 2/4 - 65/(-2)?
31
Let o(x) = 2*x**2 - 43*x + 1. Let y be (-1 + 0)/(6/(-186)). Suppose -4*n = 5*h + 9 - y, -3*h = -5*n + 46. Calculate the remainder when o(22) is divided by n.
7
Suppose -3*a - 2*a = -125. Let g be 6*((-12)/18)/2. Calculate the remainder when a is divided by g + 411/27 - 4/18.
12
Let i be -3 + 7/(28/540). What is the remainder when 190 + 33/i + (-19)/(-4) is divided by 34?
25
Let d be -5*(3 - 81/15). Suppose 0 = 10*r - d*r + 532. Suppose -r = i - 8*i. Calculate the remainder when 74 is divided by i.
36
Let r = -58 + 65. Suppose 9 + 5 = r*t. Suppose -2*v - 5*k + 273 = 0, 0*v + 606 = 4*v - t*k. What is the remainder when v is divided by 19?
16
Suppose 9*h = 5*h + 156. Suppose 12*r = 19*r. Suppose v - h = z, -3*z + r*z = 4*v - 163. Calculate the remainder when v is divided by 22.
18
Suppose -42*n + 33*n = -9018. What is the remainder when n is divided by 72?
66
Let g(i) = 3*i**2 - 15*i + 10. Let c be g(10). Suppose -c = -21*r + 5*r. What is the remainder when 169 is divided by r?
9
Suppose -10*r + 5*r = -50. Let c(h) = -h**2 + 3*h + 8. Let k be c(5). What is the remainder when (-690)/(-25) - 2/10*k is divided by r?
8
What is the remainder when